e the remainder when 92 is divided by 60.
32
What is the remainder when 5793 is divided by 1157?
8
Calculate the remainder when 651 is divided by 121.
46
Calculate the remainder when 1372 is divided by 23.
15
What is the remainder when 70 is divided by 20?
10
What is the remainder when 187 is divided by 22?
11
Calculate the remainder when 411 is divided by 32.
27
Calculate the remainder when 1582 is divided by 92.
18
What is the remainder when 4039 is divided by 17?
10
What is the remainder when 29 is divided by 11?
7
Calculate the remainder when 216 is divided by 31.
30
What is the remainder when 502 is divided by 52?
34
Calculate the remainder when 14 is divided by 13.
1
What is the remainder when 177 is divided by 30?
27
What is the remainder when 466 is divided by 68?
58
Calculate the remainder when 1658 is divided by 98.
90
What is the remainder when 266 is divided by 83?
17
What is the remainder when 1645 is divided by 20?
5
Calculate the remainder when 136 is divided by 25.
11
Calculate the remainder when 3894 is divided by 149.
20
What is the remainder when 401 is divided by 104?
89
Calculate the remainder when 383 is divided by 98.
89
Calculate the remainder when 183 is divided by 8.
7
What is the remainder when 2629 is divided by 47?
44
Calculate the remainder when 170 is divided by 29.
25
Calculate the remainder when 3614 is divided by 101.
79
What is the remainder when 1606 is divided by 85?
76
Calculate the remainder when 262 is divided by 73.
43
What is the remainder when 556 is divided by 26?
10
Calculate the remainder when 275 is divided by 8.
3
What is the remainder when 390 is divided by 128?
6
Calculate the remainder when 1023 is divided by 42.
15
What is the remainder when 2201 is divided by 147?
143
Calculate the remainder when 3455 is divided by 9.
8
What is the remainder when 23308 is divided by 126?
124
What is the remainder when 126 is divided by 33?
27
What is the remainder when 318 is divided by 41?
31
What is the remainder when 285 is divided by 97?
91
Calculate the remainder when 26 is divided by 7.
5
Calculate the remainder when 677 is divided by 10.
7
Calculate the remainder when 66 is divided by 51.
15
Calculate the remainder when 217 is divided by 22.
19
What is the remainder when 80 is divided by 17?
12
Calculate the remainder when 164 is divided by 77.
10
What is the remainder when 751 is divided by 44?
3
Calculate the remainder when 87 is divided by 23.
18
What is the remainder when 977 is divided by 203?
165
What is the remainder when 822 is divided by 34?
6
What is the remainder when 146 is divided by 101?
45
Calculate the remainder when 456 is divided by 48.
24
Calculate the remainder when 1269 is divided by 142.
133
What is the remainder when 354 is divided by 105?
39
Calculate the remainder when 116 is divided by 109.
7
Calculate the remainder when 652 is divided by 25.
2
What is the remainder when 48 is divided by 26?
22
Calculate the remainder when 446 is divided by 116.
98
What is the remainder when 442 is divided by 8?
2
Calculate the remainder when 600 is divided by 19.
11
Calculate the remainder when 2427 is divided by 480.
27
Calculate the remainder when 2571 is divided by 511.
16
Calculate the remainder when 698 is divided by 52.
22
Calculate the remainder when 131 is divided by 38.
17
Calculate the remainder when 62 is divided by 42.
20
What is the remainder when 555 is divided by 94?
85
What is the remainder when 8902 is divided by 28?
26
Calculate the remainder when 371 is divided by 34.
31
Calculate the remainder when 2073 is divided by 606.
255
Calculate the remainder when 128799 is divided by 19.
17
Calculate the remainder when 1360 is divided by 62.
58
Calculate the remainder when 9353 is divided by 36.
29
Calculate the remainder when 1978 is divided by 955.
68
Calculate the remainder when 278 is divided by 151.
127
Calculate the remainder when 29747 is divided by 34.
31
What is the remainder when 561 is divided by 4?
1
Calculate the remainder when 1891 is divided by 9.
1
What is the remainder when 166 is divided by 12?
10
Calculate the remainder when 548 is divided by 19.
16
Calculate the remainder when 655 is divided by 16.
15
What is the remainder when 771 is divided by 96?
3
What is the remainder when 290 is divided by 74?
68
What is the remainder when 170 is divided by 48?
26
Calculate the remainder when 172 is divided by 61.
50
Calculate the remainder when 1470 is divided by 164.
158
What is the remainder when 401 is divided by 31?
29
Calculate the remainder when 282 is divided by 35.
2
Calculate the remainder when 1879 is divided by 67.
3
Calculate the remainder when 661 is divided by 51.
49
What is the remainder when 1422 is divided by 76?
54
Calculate the remainder when 7623 is divided by 123.
120
What is the remainder when 1204 is divided by 397?
13
Calculate the remainder when 251 is divided by 65.
56
What is the remainder when 3519 is divided by 16?
15
What is the remainder when 2396 is divided by 112?
44
What is the remainder when 12 is divided by 5?
2
Calculate the remainder when 570 is divided by 17.
9
What is the remainder when 219 is divided by 25?
19
What is the remainder when 763 is divided by 85?
83
What is the remainder when 2637 is divided by 264?
261
What is the remainder when 164 is divided by 131?
33
Calculate the remainder when 851 is divided by 12.
11
Calculate the remainder when 407 is divided by 8.
7
Calculate the remainder when 193 is divided by 58.
19
Calculate the remainder when 739 is divided by 367.
5
Calculate the remainder when 2842 is divided by 36.
34
Calculate the remainder when 125 is divided by 32.
29
What is the remainder when 1865 is divided by 266?
3
Calculate the remainder when 433 is divided by 49.
41
What is the remainder when 194 is divided by 189?
5
What is the remainder when 166 is divided by 56?
54
Calculate the remainder when 145 is divided by 37.
34
What is the remainder when 118 is divided by 20?
18
Calculate the remainder when 103 is divided by 7.
5
What is the remainder when 564 is divided by 21?
18
Calculate the remainder when 363 is divided by 47.
34
Calculate the remainder when 562 is divided by 37.
7
Calculate the remainder when 1142 is divided by 37.
32
Calculate the remainder when 620 is divided by 13.
9
What is the remainder when 29 is divided by 8?
5
What is the remainder when 335 is divided by 23?
13
Calculate the remainder when 325 is divided by 63.
10
What is the remainder when 71 is divided by 45?
26
What is the remainder when 185 is divided by 24?
17
What is the remainder when 3176 is divided by 56?
40
What is the remainder when 1125 is divided by 17?
3
What is the remainder when 713 is divided by 231?
20
Calculate the remainder when 235 is divided by 31.
18
Calculate the remainder when 331 is divided by 21.
16
What is the remainder when 235 is divided by 126?
109
What is the remainder when 174 is divided by 75?
24
What is the remainder when 1928 is divided by 16?
8
What is the remainder when 720 is divided by 63?
27
What is the remainder when 1795 is divided by 598?
1
Calculate the remainder when 1324 is divided by 150.
124
What is the remainder when 900 is divided by 32?
4
Calculate the remainder when 569 is divided by 95.
94
What is the remainder when 6765 is divided by 101?
99
Calculate the remainder when 159 is divided by 132.
27
Calculate the remainder when 92 is divided by 31.
30
What is the remainder when 1871 is divided by 19?
9
Calculate the remainder when 331 is divided by 107.
10
Calculate the remainder when 492 is divided by 2.
0
Calculate the remainder when 12444 is divided by 32.
28
Calculate the remainder when 11 is divided by 10.
1
Calculate the remainder when 448 is divided by 25.
23
What is the remainder when 24 is divided by 7?
3
Calculate the remainder when 105 is divided by 103.
2
What is the remainder when 76 is divided by 24?
4
Calculate the remainder when 333 is divided by 7.
4
Calculate the remainder when 179 is divided by 32.
19
Calculate the remainder when 142 is divided by 44.
10
Calculate the remainder when 226 is divided by 31.
9
What is the remainder when 164 is divided by 139?
25
What is the remainder when 137 is divided by 128?
9
What is the remainder when 611 is divided by 15?
11
C